0. What is k(8)?
268
Let c(f) = -f**3 + 5*f**2 - 78*f + 402. Give c(5).
12
Let p(k) = 7*k**2 + 74*k - 336. Calculate p(-14).
0
Let l(d) = -4*d**2 - 27*d - 53. Give l(-5).
-18
Let i(w) = -3*w**2 + 65*w - 151. What is i(20)?
-51
Let z(j) = -2345*j + 11722. What is z(5)?
-3
Let i(h) = -h**3 - 20*h**2 - 32*h + 156. Determine i(-19).
403
Let y(v) = v**3 - 7*v**2 - 12*v + 7. Calculate y(8).
-25
Let p(v) = -110*v + 18380. Determine p(167).
10
Let f(m) = 2*m**3 + 9*m**2 - 5*m - 5. Determine f(-7).
-215
Let r(v) = 489*v - 21035. What is r(43)?
-8
Let h(p) = -36*p - 92. Determine h(-7).
160
Let b(c) = 2*c**3 + 56*c**2 - 591*c - 15460. What is b(-29)?
-3
Let y(u) = u**3 - 26*u**2 + 22*u - 83. Give y(25).
-158
Let a(f) = f**3 - 6*f**2 + 3*f - 14. Determine a(6).
4
Let y(g) = -g**2 - 62*g + 982. Determine y(13).
7
Let k(p) = -82*p + 63. What is k(7)?
-511
Let t(o) = -285*o - 24789. What is t(-87)?
6
Let u(q) = -682*q + 17090. What is u(25)?
40
Let l(a) = -12*a**2 + 5*a. Calculate l(2).
-38
Let m(g) = 8*g**3 + 137*g**2 + 5*g - 221. Calculate m(-17).
-17
Let i(k) = 29*k + 57. Give i(-3).
-30
Let x(s) = -57*s + 47. Calculate x(2).
-67
Let m(j) = 65*j - 456. Give m(5).
-131
Let u(f) = f**2 - 1159*f + 86329. What is u(80)?
9
Let y(v) = -5*v**2 + 8*v + 17. Give y(3).
-4
Let v(w) = -2*w + 123. Give v(70).
-17
Let w(s) = -s**3 + 4*s**2 + 84*s + 154. Give w(-2).
10
Let n(d) = -16*d - 1. Give n(10).
-161
Let s(a) = -a**3 - 18*a**2 - 70*a - 25. Determine s(-12).
-49
Let p(f) = 18*f**2 - 346*f + 154. Calculate p(19).
78
Let i(q) = -19*q**2 + 1403*q + 192. Give i(74).
-30
Let u(i) = -i**2 + 29. Determine u(-6).
-7
Let h(k) = 327*k + 6206. Calculate h(-19).
-7
Let z(r) = r**3 - 6*r**2 + 67*r - 526. What is z(7)?
-8
Let j(b) = b**3 + 3*b**2 - 27*b - 20. Calculate j(-7).
-27
Let d(x) = -22*x - 226. Give d(-10).
-6
Let r(b) = 2*b**2 - 16*b - 26. Give r(16).
230
Let i(z) = 36*z - 3147. Give i(87).
-15
Let p(b) = 7*b**3 + 21*b**2 - 40*b - 111. Give p(-3).
9
Let a(t) = -4*t**3 - 4*t**2 - 2*t + 2. Calculate a(-2).
22
Let i(t) = -t**2 + 115*t - 224. Determine i(2).
2
Let a(m) = m**3 + 8*m**2 - 25*m - 124. Determine a(-6).
98
Let u(q) = 35*q - 702. What is u(19)?
-37
Let g(f) = 319*f + 12129. Calculate g(-38).
7
Let r(g) = -10708*g + 428314. Determine r(40).
-6
Let y(n) = -n**2 + 31*n + 7987. Give y(-75).
37
Let s(z) = z**3 + 34*z**2 + 42*z + 38. Determine s(-33).
-259
Let t(c) = c**2 + 8*c + 16. Give t(-6).
4
Let l(m) = -10*m - 205. Determine l(-17).
-35
Let j(x) = -x**3 + 20*x**2 + 222. Determine j(20).
222
Let k(m) = -185*m + 5733. What is k(31)?
-2
Let b(x) = x**3 + 15*x**2 + 20*x - 13. What is b(-6)?
191
Let n(i) = -1883*i - 111109. Give n(-59).
-12
Let g(o) = -4*o**3 - 86*o**2 + 50*o - 106. Give g(-22).
-238
Let m(b) = b**2 + 60*b - 494. What is m(8)?
50
Let o(t) = -237*t - 913. What is o(-4)?
35
Let x(c) = -28*c - 180. Calculate x(-8).
44
Let k(d) = -d**3 + 38*d**2 - 38*d + 56. Determine k(37).
19
Let f(z) = -56*z**2 + 20*z + 56. What is f(-2)?
-208
Let s(l) = -l**3 + 505*l**2 + 1014*l. What is s(-2)?
0
Let q(m) = m**2 + 84*m - 910. Calculate q(-94).
30
Let z(s) = 6*s + 341. Give z(-66).
-55
Let n(p) = -p**2 - 100*p - 1286. What is n(-15)?
-11
Let v(r) = 2*r**3 + 19*r**2 + 49*r + 18. What is v(-5)?
-2
Let a(x) = -x**2 + 26*x + 1350. Determine a(52).
-2
Let s(l) = -57*l + 28. What is s(5)?
-257
Let c(a) = 30*a + 84. Calculate c(-6).
-96
Let l(s) = 2*s**3 - 9*s**2 + 20*s - 67. Give l(4).
-3
Let b(o) = o**3 + 8*o**2 + 56*o + 341. Calculate b(-7).
-2
Let g(l) = 25*l**2 - 352*l + 46. Calculate g(14).
18
Let u(i) = 5*i - 23. Determine u(8).
17
Let z(x) = -2*x**2 + 513*x - 6327. Give z(13).
4
Let r(p) = 2*p**2 - 53*p + 183. Give r(4).
3
Let o(j) = 632*j - 1814. Determine o(3).
82
Let f(r) = 10*r**2 + 773*r - 1348. Give f(-79).
-5
Let j(n) = 7*n**3 - 3*n**2 + n - 5. Give j(3).
160
Let z(f) = 90*f - 8106. Determine z(90).
-6
Let w(a) = a**2 - 94*a + 765. Give w(85).
0
Let l(m) = 8*m**2 - 11*m - 3. Determine l(2).
7
Let l(p) = -14*p**2 + 473*p - 313. Give l(33).
50
Let x(j) = j**3 - 4*j**2 - 60*j - 14. Determine x(10).
-14
Let n(g) = g**3 + 36*g**2 + 2*g + 48. Give n(-36).
-24
Let g(z) = z**2 - 17*z + 72. Give g(27).
342
Let b(g) = 65*g + 4452. What is b(-68)?
32
Let s(h) = 2*h**2 - 981*h + 7728. Determine s(8).
8
Let o(c) = 6*c**2 + 55*c - 16. Give o(-13).
283
Let a(r) = -359*r + 1090. What is a(3)?
13
Let o(h) = 44*h + 983. Calculate o(-23).
-29
Let y(f) = -f**2 - 40*f + 379. Determine y(-50).
-121
Let c(r) = 3*r**2 - 77*r - 691. Calculate c(-10).
379
Let a(n) = -27*n**2 - 2*n + 4. Calculate a(-2).
-100
Let j(q) = 5*q**2 + 10*q - 54. Determine j(8).
346
Let f(k) = -2*k**2 + 1. Determine f(-3).
-17
Let j(d) = -1555*d - 21776. Give j(-14).
-6
Let t(k) = 2*k**3 - 5*k**2 + 81*k + 181. What is t(-2)?
-17
Let v(f) = -93*f - 2. Determine v(3).
-281
Let a(b) = -115*b**2 - 3218*b + 72. Determine a(-28).
16
Let i(o) = 11*o - 288. Calculate i(12).
-156
Let i(r) = -2*r**3 + 37*r**2 + 7*r - 2. Give i(19).
-230
Let s(v) = 12*v**3 + v**2 - v. Determine s(2).
98
Let b(y) = 21*y - 959. Give b(47).
28
Let k(t) = -7*t + 422. Determine k(37).
163
Let l(g) = 13*g + 38. Determine l(1).
51
Let f(v) = -4*v**3 + 50*v**2 + 6*v + 268. Calculate f(13).
8
Let s(x) = 291*x + 2340. Give s(-8).
12
Let f(x) = x**2 - 16*x - 564. Determine f(-17).
-3
Let r(i) = 8*i**2 + 961*i - 9303. What is r(9)?
-6
Let k(w) = -17*w + 895. Determine k(49).
62
Let k(a) = -a**3 - 145*a**2 - 694*a + 751. Determine k(-140).
-89
Let d(k) = -k**2 - 36*k - 267. Calculate d(-10).
-7
Let h(x) = 258*x - 10298. Calculate h(40).
22
Let p(i) = -3*i**2 - 11*i + 16. Calculate p(8).
-264
Let z(q) = 3*q**2 - 28*q + 30. Give z(5).
-35
Let v(z) = -z**3 - 63*z**2 + 148*z + 1171. What is v(-65)?
1
Let r(u) = -6*u + 57. Give r(4).
33
Let g(s) = 73*s - 633. Give g(9).
24
Let j(b) = 2*b**3 - b**2 + 11*b - 115. What is j(6)?
347
Let n(k) = -k**3 - 26*k**2 + 6*k + 77. Calculate n(-26).
-79
Let d(p) = -9*p**2 - 5*p + 7. Calculate d(0).
7
Let w(a) = -a**3 - 32*a**2 - 53*a + 999. What is w(-29)?
13
Let x(y) = y**2 + 10*y - 150. Calculate x(-18).
-6
Let a(l) = -954*l**2 - 37*l + 35. Give a(1).
-956
Let a(r) = 2*r**3 + 84*r**2 + 116*r + 1351. Calculate a(-41).
-43
Let s(a) = 43*a + 216. What is s(-8)?
-128
Let k(u) = -u**3 + 11*u**2 + 34*u - 57. Determine k(13).
47
Let k(v) = -223*v - 687. Calculate k(-3).
-18
Let i(f) = -534*f + 99852. What is i(187)?
-6
Let t(i) = i**2 - 69*i - 2349. What is t(94)?
1
Let f(l) = 1837*l + 75307. What is f(-41)?
-10
Let f(s) = -s**3 + 17*s**2 - 63*s - 33. Give f(11).
0
Let g(t) = 14*t**3 - 52*t**2 - 17*t + 60. Calculate g(5).
425
Let o(l) = 1574*l - 23603. Give o(15).
7
Let w(d) = 2*d**3 + 25*d**2 - 9*d - 257. Give w(-12).
-5
Let w(o) = o**3 + 16*o**2 - 222*o + 81. What is w(-25)?
6
Let k(l) = -l**2 + 7*l + 323. Give k(29).
-315
Let i(m) = -3*m**2 - 100*m - 104. Give i(-20).
696
Let b(c) = -c**2 + 31*c - 339. What is b(18)?
-105
Let a(k) = -k**3 + 31*k**2 - 2*k + 86. What is a(31)?
24
Let i(b) = -b**2 + b + 3. Give i(-9).
-87
Let l(s) = -3*s**3 - 4*s**2 + 36*s + 59. What is l(-2)?
-5
Let j(c) = 2*c**3 + 40*c**2 - 39*c + 29. Calculate j(-21).
-34
Let t(j) = 421*j - 5863. Determine t(14).
31
Let x(s) = -2*s**3 + 3*s**2 + s + 10. Determine x(4).
-66
Let s(y) = 4*y**2 + 140*y + 254. Calculate s(-33).
-10
Let b(l) = -l**3 + 8*l**2 + 11*l - 19. Give b(9).
-1
Let b(k) = k**2 - 14*k - 1083. Calculate b(-26).
-43
Let u(b) = 4*b**3 + 324*b**2 - 3*b - 341. Calculate u(-81).
-98
Let g(r) = -4*r**2 - 29*r + 29. What is g(-8)?
5
Let j(v) = -173*v + 608. What is j(3)?
89
Let a(q) = -q**2 + 202*q - 8269. Give a(57).
-4
Let y(a) = 284*a + 21015. Give y(-74).
-1
Let s(u) = 2*u**2 - 66*u + 156. What is s(39)?
624
Let h(r) = -r**3 + 8*r**2 + 98*r - 10. Calculate h(-7).
39
Let a(j) = j**3 + 52*j**2 + 10*j + 598. What is a(-52)?
78
Let j(z) = -z**2 - 71*z - 330. What is j(-5)?
0
Let r(a) = -4*a**2 - 9*a + 66. Give r(3).
3
Let a(i) = 22*i**2 + 14*i + 14. What is a(-1)?
22
Let n(h) = 22*h**2 - 25*h - 36. What is n(2)?
2
Let c(o) = o**3 - 240*o**2 + 476*o - 2. Calculate c(238).
-2
Let c(x) = 2*x**2 + x - 905. Give c(21).
-2
Let x(m) = 19*m + 869. Give x(-46).
-5
Let h(b) = -13*b**2 - 886*b + 753. What is h(-69)?
-6
Let q(t) = t**3 - 161*t**2 + 372